.
11
Let a(l) = -958*l + 52680. Calculate a(55).
-10
Let v(q) = -6*q**2 - 48*q - 232. Determine v(-5).
-142
Let g(a) = -63*a**3 - 9*a**2 - a + 9. What is g(1)?
-64
Let a(f) = -4*f**2 - 6*f + 635. What is a(12)?
-13
Let c(r) = -15*r - 1025. Calculate c(-68).
-5
Let p(u) = -453*u - 3608. Give p(-8).
16
Let p(u) = -4*u**2 - 23*u + 236. Determine p(5).
21
Let i(r) = r**3 - 10*r**2 + 18*r + 29. What is i(7)?
8
Let i(u) = u**2 + 61*u - 1693. What is i(-82)?
29
Let h(w) = -2*w**2 + 29*w + 42. Give h(19).
-129
Let v(h) = 8*h**2 - 475*h + 5. What is v(59)?
-172
Let d(k) = -32*k**2 + 1205*k + 1676. Calculate d(39).
-1
Let v(w) = 35*w - 48. Calculate v(-6).
-258
Let b(o) = -3*o**2 - 45*o - 15. Determine b(-16).
-63
Let g(a) = a**3 - 8*a**2 - 16*a - 56. Give g(10).
-16
Let d(g) = -72*g - 19. Determine d(2).
-163
Let k(f) = 2*f**2 - 7*f + 55. Calculate k(6).
85
Let r(n) = -221*n + 397. Determine r(8).
-1371
Let d(w) = -3*w**2 + 27*w. Give d(5).
60
Let i(f) = -f**2 + 14*f + 11. What is i(10)?
51
Let c(f) = 2*f**3 - 81*f**2 + 320*f + 103. Determine c(36).
-41
Let p(k) = 2396*k + 2406. What is p(-1)?
10
Let k(j) = -j**2 - 2*j - 86. Determine k(-6).
-110
Let j(r) = -17*r + 420. Determine j(23).
29
Let v(h) = h**2 + 15*h - 163. Calculate v(-22).
-9
Let h(m) = -8*m**2 + 20*m - 1. Determine h(-3).
-133
Let a(b) = -2*b**2 - 768*b - 2278. Calculate a(-3).
8
Let r(h) = -11*h**2 - 210*h - 20. Calculate r(-19).
-1
Let d(u) = -162*u + 154. What is d(1)?
-8
Let o(w) = 24*w + 366. Determine o(0).
366
Let w(b) = -16*b + 140. What is w(10)?
-20
Let v(d) = 17*d**3 + d - 3. Calculate v(-3).
-465
Let x(b) = -3*b**3 + 10*b + 8. Calculate x(-3).
59
Let s(n) = -n**3 + 23*n**2 - 147*n + 161. What is s(11)?
-4
Let h(m) = 1446*m - 8689. Determine h(6).
-13
Let k(j) = j**2 + 1560*j + 108555. Determine k(-73).
4
Let n(c) = -7*c + 431. Give n(47).
102
Let r(c) = 2*c**2 + 76*c - 469. Determine r(6).
59
Let b(i) = -16*i**2 - 6*i - 30. Determine b(-4).
-262
Let g(x) = x**2 + 27*x - 486. What is g(17)?
262
Let w(i) = i**3 - 9*i**2 + 14*i + 41. Determine w(7).
41
Let t(s) = -7*s**2 + 100*s + 351. Calculate t(-3).
-12
Let g(t) = 15*t**2 + 200*t + 655. Calculate g(-6).
-5
Let p(i) = 2*i**2 + 96*i - 1315. What is p(-59)?
-17
Let q(i) = 2*i**2 + 18*i - 373. Calculate q(-19).
7
Let m(t) = -2*t**3 - 26*t**2 + 16*t - 123. Calculate m(-12).
-603
Let q(n) = 103*n - 1811. What is q(19)?
146
Let k(y) = 10*y**2 - 158*y - 311. What is k(-2)?
45
Let o(a) = -a**2 + 147*a - 2792. What is o(22)?
-42
Let l(x) = -10*x**2 - 1004*x - 373. Calculate l(-100).
27
Let f(k) = 6508*k - 19530. Determine f(3).
-6
Let r(f) = 2*f**2 - 17*f - 84. What is r(0)?
-84
Let m(b) = 46*b**2 - 54*b - 149. Determine m(-3).
427
Let j(g) = 2*g**3 - 26*g**2 - 85*g - 8. Calculate j(16).
168
Let c(g) = -3068*g + 67475. Calculate c(22).
-21
Let m(n) = -n**2 - n + 344. What is m(18)?
2
Let c(q) = 12*q**2 - 1557*q + 1132. Determine c(129).
-29
Let h(f) = 66*f + 1654. Calculate h(-24).
70
Let l(y) = 3*y - 23. Determine l(2).
-17
Let v(y) = -184*y + 2395. Determine v(13).
3
Let y(l) = 87*l - 463. Give y(5).
-28
Let c(k) = 20*k - 153. What is c(9)?
27
Let j(v) = -v**2 - 15*v + 535. What is j(18)?
-59
Let c(g) = -28*g - 62. What is c(-7)?
134
Let o(g) = 60*g + 2127. Give o(-41).
-333
Let x(m) = -752*m + 3766. Give x(5).
6
Let p(a) = a**2 + 41*a - 322. Determine p(-45).
-142
Let b(x) = -294*x + 3448. Calculate b(12).
-80
Let f(k) = k**2 - 2690*k - 18857. Calculate f(-7).
22
Let r(k) = -2*k**2 - 45*k + 83. Determine r(-25).
-42
Let h(r) = -32*r**2 + 507*r - 395. Determine h(15).
10
Let y(l) = -29*l - 118. Calculate y(-11).
201
Let i(g) = 637*g - 43954. Give i(69).
-1
Let u(s) = 300*s - 6894. Give u(23).
6
Let p(z) = -3*z**2 - 144*z - 1716. What is p(-23)?
9
Let u(c) = c**2 + 170*c - 871. Give u(5).
4
Let r(t) = -4*t**3 + 505*t**2 + 504*t. Give r(-1).
5
Let x(n) = -2*n**2 + 49*n - 567. Give x(14).
-273
Let p(m) = -146*m**2 - 5547*m + 51. Determine p(-38).
13
Let i(u) = -u**2 + 20*u - 82. Determine i(8).
14
Let s(l) = 6*l**3 - 3*l**2 - 42*l + 32. Calculate s(3).
41
Let z(o) = 3*o**2 - 63*o - 335. What is z(-5)?
55
Let l(t) = 4*t**2 + 13*t - 300. What is l(7)?
-13
Let j(u) = -u**3 - 7*u**2 - 128*u - 351. What is j(-3)?
-3
Let h(b) = 93*b**3 + 5*b**2 - 3*b - 8. Give h(-1).
-93
Let i(p) = -4*p**3 + 5*p**2 + 10*p - 7. Determine i(5).
-332
Let d(s) = s**2 + 440*s - 6357. Calculate d(14).
-1
Let y(a) = a**3 + 12*a**2 + 24*a - 2. Determine y(-2).
-10
Let y(i) = -i**3 + 3*i**2 + 7*i - 4. Give y(-2).
2
Let g(i) = -i**3 - 60*i**2 - 222*i + 133. Calculate g(-56).
21
Let a(d) = d**3 - 21*d**2 + 66*d + 53. Determine a(17).
19
Let v(g) = -2*g**3 + g**2 + 11*g + 16. Give v(-3).
46
Let s(r) = -6*r**2 - 627*r - 2122. Determine s(-101).
-1
Let u(h) = h**3 + 20*h**2 - 41*h - 420. Calculate u(-21).
0
Let w(x) = -x**2 + 21*x - 126. Determine w(6).
-36
Let q(f) = -4*f**2 + 81*f - 70. Determine q(19).
25
Let f(q) = q**3 - 8*q**2 - 14*q + 16. Calculate f(10).
76
Let c(z) = 6*z**3 + 416*z**2 + 148*z + 685. Determine c(-69).
-5
Let v(c) = -c**2 + 6*c + 12. Calculate v(7).
5
Let p(m) = 2*m**3 - 9*m**2 + 15*m - 29. Calculate p(7).
321
Let d(p) = -p**3 + 4*p**2 + 24*p + 1. Determine d(-7).
372
Let q(u) = -4*u - 6. Calculate q(0).
-6
Let q(z) = -656*z - 4595. What is q(-7)?
-3
Let l(y) = -y**3 + 10*y**2 + y + 10. Calculate l(7).
164
Let c(n) = -9*n + 169. What is c(16)?
25
Let o(t) = -9*t**3 + 34*t**2 - 24*t - 9. What is o(1)?
-8
Let p(x) = 257*x - 1131. Calculate p(5).
154
Let v(t) = -t**3 - 9*t**2 + 12*t + 3. What is v(-12)?
291
Let d(z) = z**3 - 32*z**2 + 147*z - 961. What is d(28)?
19
Let g(c) = 25*c**2 - 5*c + 14. Calculate g(3).
224
Let z(s) = s**2 - 37*s + 147. Calculate z(33).
15
Let m(h) = -9*h**3 + 450*h**2 + 5*h - 253. Calculate m(50).
-3
Let w(h) = h**3 - 86*h**2 - 83*h - 385. Calculate w(87).
-37
Let j(b) = b**2 - 2*b - 79. Give j(-11).
64
Let l(n) = -994*n + 20928. What is l(21)?
54
Let m(x) = x**2 + 18*x + 37. Give m(-16).
5
Let o(s) = -3*s**3 - 8*s**2 + 16*s + 38. Determine o(-3).
-1
Let p(f) = 27*f**2 - 187*f + 184. Calculate p(1).
24
Let j(p) = p**2 - 42*p - 153. Determine j(-3).
-18
Let o(y) = y**3 - 78*y**2 + 152*y - 1. Calculate o(76).
-1
Let m(c) = c**2 - 3*c - 7. What is m(5)?
3
Let w(h) = -1644*h + 3283. Determine w(2).
-5
Let k(j) = -2*j**3 + 18*j**2 - 28*j + 33. Give k(6).
81
Let r(t) = 3*t**3 - 38*t**2 - 112*t + 83. Calculate r(15).
-22
Let k(t) = 91*t - 744. Determine k(8).
-16
Let c(p) = -53*p + 78. Calculate c(5).
-187
Let q(u) = 9*u + 114. Calculate q(-12).
6
Let s(y) = -6*y**2 - 24*y. Determine s(-4).
0
Let d(s) = -1651*s + 67688. Calculate d(41).
-3
Let y(a) = 16*a + 916. Give y(-60).
-44
Let k(s) = -277*s - 2185. Determine k(-8).
31
Let m(a) = -187*a - 12715. Calculate m(-68).
1
Let i(g) = -5*g**3 - 10*g + 28. Calculate i(4).
-332
Let p(q) = -3*q**3 - 21*q**2 - 7*q - 43. Determine p(-7).
6
Let i(t) = 64*t + 1297. Determine i(-20).
17
Let d(h) = -h**2 + 12*h + 54. What is d(-8)?
-106
Let m(v) = -65*v**2 + 9*v - 7. What is m(1)?
-63
Let p(c) = 22*c**2 + 58*c - 2. What is p(-2)?
-30
Let k(w) = 29*w - 2. Calculate k(-1).
-31
Let r(u) = u**3 + 46*u**2 + 131*u + 80. Calculate r(-43).
-6
Let h(z) = 4*z**3 - 19*z**2 - 42*z + 221. Give h(4).
5
Let u(a) = -a**2 + 18*a + 109. What is u(23)?
-6
Let q(y) = 34*y - 23. Determine q(-1).
-57
Let h(r) = -14*r**2 - 179*r + 15. Give h(-12).
147
Let z(r) = -69*r**2 + 895*r + 7. Determine z(13).
-19
Let y(c) = 53*c - 257. Determine y(6).
61
Let t(n) = -n**3 + 16*n**2 - 18*n + 50. Determine t(15).
5
Let h(q) = -q**2 + 4*q + 4. Give h(0).
4
Let z(o) = -o**2 - 232*o - 1456. Give z(-6).
-100
Let w(v) = v**3 + 33*v**2 - 7*v - 4. Determine w(0).
-4
Let l(x) = 4*x**2 + 64*x - 45. Determine l(-19).
183
Let r(w) = 5780*w + 40462. What is r(-7)?
2
Let l(c) = 5*c**2 - 276*c + 643. What is l(53)?
60
Let r(v) = 5*v - 98. Determine r(12).
-38
Let y(p) = -2*p - 66. Determine y(-23).
-20
Let r(y) = -6*y - 15. What is r(-18)?
93
Let c(q) = -q**3 + 124*q**2 - 71*q - 6403. What is c(123)?
-7
Let a(x) = x**3 + x**2 - 14*x + 19. Calculate a(2).
3
Let y(p) = -51*p + 107. Give y(5).
-148
Let v(u) = u**3 + 4*u**2 - 13*u + 24. Determine v(-7).
-32
Let f(k) = 133*k - 905. Determine f(11).
558
Let g(i) = 23*i + 745. Calculate g(-40).
-